{"id":363,"date":"2025-05-09T22:46:50","date_gmt":"2025-05-09T22:46:50","guid":{"rendered":"https:\/\/avanradio.com.mx\/live\/?page_id=363"},"modified":"2025-06-10T16:59:28","modified_gmt":"2025-06-10T16:59:28","slug":"cookies","status":"publish","type":"page","link":"https:\/\/avanradio.com.mx\/site\/cookies\/","title":{"rendered":"Cookies"},"content":{"rendered":"<p>[et_pb_section fb_built=\u00bb1&#8243; _builder_version=\u00bb4.17.4&#8243; _module_preset=\u00bbdefault\u00bb da_disable_devices=\u00bboff|off|off\u00bb global_colors_info=\u00bb{}\u00bb da_is_popup=\u00bboff\u00bb da_exit_intent=\u00bboff\u00bb da_has_close=\u00bbon\u00bb da_alt_close=\u00bboff\u00bb da_dark_close=\u00bboff\u00bb da_not_modal=\u00bbon\u00bb da_is_singular=\u00bboff\u00bb da_with_loader=\u00bboff\u00bb da_has_shadow=\u00bbon\u00bb][et_pb_row _builder_version=\u00bb4.17.4&#8243; _module_preset=\u00bbdefault\u00bb global_colors_info=\u00bb{}\u00bb][et_pb_column type=\u00bb4_4&#8243; _builder_version=\u00bb4.17.4&#8243; _module_preset=\u00bbdefault\u00bb global_colors_info=\u00bb{}\u00bb][et_pb_text _builder_version=\u00bb4.17.4&#8243; _module_preset=\u00bbdefault\u00bb global_colors_info=\u00bb{}\u00bb]<\/p>\n<h2>Acerca de las Cookies<\/h2>\n<p>&nbsp;<\/p>\n<p>Grupo Avanradio Xalapa SA de CV, en adelante Grupo Avanradio, con domicilio en Plaza Crystal locales 25 y 26, Xalapa, Veracruz, es responsable del uso y protecci\u00f3n de sus datos personales.<\/p>\n<p>Los datos personales son recabados con la finalidad de brindar nuestros servicios de marketing sensorial, dar de alta a clientes o proveedores, conocer sus necesidades y ofrecerle los servicios que se adecuen a sus requerimientos y preferencias; comunicarle actualizaciones, convocarlo a eventos de acuerdo a su perfil, atender quejas y aclaraciones, y en su caso, para solventar sus necesidades y requerimientos vinculados a nuestros servicios.<\/p>\n<p>Grupo Avanradio recaba los siguientes datos personales: Nombre, domicilio, RFC, correo electr\u00f3nico, ocupaci\u00f3n, estado civil, informaci\u00f3n comercial, corporativa, financiera y contable.<\/p>\n<p>Para las finalidades se\u00f1aladas en el presente aviso de privacidad, Grupo Avanradio recaba sus datos personales de distintas formas: cuando Usted los proporciona directamente; cuando visita nuestro sitio de Internet o utiliza nuestros servicios en l\u00ednea; y cuando obtenemos informaci\u00f3n a trav\u00e9s de otras fuentes que est\u00e1n permitidas por la ley, tales como directorios telef\u00f3nicos o laborales.<\/p>\n<p>En caso de formalizar con Usted la prestaci\u00f3n de alg\u00fan servicio ofrecido por Grupo Avanradio, sus Datos ser\u00e1n utilizados para el cumplimiento de las obligaciones derivadas de esta relaci\u00f3n jur\u00eddica.<\/p>\n<p>Los Datos pueden ser transferidos a sociedades vinculadas, subsidiarias, filiales, afiliadas o alianzas de Grupo Avanradio, dentro de territorio nacional o en el extranjero, con el objeto de coadyuvar a la prestaci\u00f3n de nuestros servicios, de acuerdo a los fines previstos en este aviso de privacidad.<\/p>\n<p>Si usted no manifiesta su oposici\u00f3n para que sus datos personales sean transferidos, se entender\u00e1 que otorga su consentimiento para ello.<\/p>\n<p>Los Datos ser\u00e1n tratados de conformidad con la Ley Federal de Protecci\u00f3n de Datos Personales en Posesi\u00f3n de los Particulares, su Reglamento y Lineamientos adicionales. La confidencialidad de los Datos est\u00e1 garantizada y los mismos est\u00e1n protegidos por medidas de seguridad administrativas, t\u00e9cnicas y f\u00edsicas, para evitar su da\u00f1o, p\u00e9rdida, alteraci\u00f3n, destrucci\u00f3n, uso, acceso o divulgaci\u00f3n indebida.<\/p>\n<p>\u00danicamente las personas autorizadas tendr\u00e1n acceso a sus Datos.<\/p>\n<p>En caso de existir alguna modificaci\u00f3n al presente Aviso de Privacidad se har\u00e1 de su conocimiento en nuestro sitio de Internet.<\/p>\n<p>Para el ejercicio de los derechos ARCO (Acceso, Rectificaci\u00f3n, Cancelaci\u00f3n u Oposici\u00f3n) al tratamiento de sus datos personales, as\u00ed como para revocar el consentimiento que nos ha otorgado, deber\u00e1 formular su solicitud a trav\u00e9s del correo electr\u00f3nico: contacto@avanradio.com.mx ,proporcionando al efecto los siguientes datos personales de identificaci\u00f3n: nombre, domicilio o medio de contacto, direcci\u00f3n de correo electr\u00f3nico, documento que acredite su personalidad, descripci\u00f3n clara y precisa de los datos personales motivo de dicha petici\u00f3n, n\u00famero de contrato celebrado con Grupo Avanradio.<\/p>\n<p>Grupo Avanradio, emitir\u00e1 la respuesta correspondiente en un plazo m\u00e1ximo de 20 d\u00edas h\u00e1biles, prorrogable, en caso necesario en otros 20 d\u00edas h\u00e1biles adicionales.<\/p>\n<p>Grupo Avanradio, se reserva como periodo de bloqueo para la cancelaci\u00f3n de los datos personales, el t\u00e9rmino de doce meses posteriores al agotamiento o extinci\u00f3n de los efectos de la relaci\u00f3n jur\u00eddica vinculante con el titular de los mismos.<\/p>\n<p>Grupo Avanradio, podr\u00e1 utilizar cookies durante la prestaci\u00f3n de servicios del sitio web. Las cookies son ficheros f\u00edsicos de informaci\u00f3n personal alojados en el propio terminal del usuario. El usuario tiene la posibilidad de configurar su programa navegador de manera que se impida la creaci\u00f3n de archivos cookie o se advierta de la misma.<\/p>\n<p>Grupo Avanradio, utiliza cookies propias y de terceros para obtener datos estad\u00edsticos de la navegaci\u00f3n de nuestros usuarios y mejorar nuestros servicios. Si acepta o contin\u00faa navegando, consideramos que acepta su uso.<\/p>\n<p>Si opta a abandonar nuestro sitio web a trav\u00e9s de enlaces a sitios web no pertenecientes a nuestra entidad, Grupo Avanradio, no se har\u00e1 responsable de las pol\u00edticas de privacidad de dichos sitios web ni de las cookies que \u00e9stos puedan almacenar en el ordenador del usuario.<\/p>\n<p>Esta p\u00e1gina web utiliza Google Analytics, un servicio anal\u00edtico de web prestado por Google, Inc., una compa\u00f1\u00eda de Delaware cuya oficina principal est\u00e1 en 1600 Amphitheatre Parkway, Mountain View (California), CA 94043, Estados Unidos (\u201cGoogle\u201d).<\/p>\n<p>Google Analytics utiliza \u201ccookies\u201d, que son archivos de texto ubicados en su ordenador, para ayudar al website a analizar el uso que hacen los usuarios del sitio web. La informaci\u00f3n que genera la cookie acerca de su uso del website (incluyendo su direcci\u00f3n IP) ser\u00e1 directamente transmitida y archivad a por Google en los servidores de Estados Unidos.<\/p>\n<p>Google usar\u00e1 esta informaci\u00f3n por cuenta nuestra con el prop\u00f3sito de seguir la pista de su uso del website, recopilando informes de la actividad del website y prestando otros servicios relacionados con la actividad del website y el uso de Internet.<\/p>\n<p>Google podr\u00e1 transmitir dicha informaci\u00f3n a terceros cuando as\u00ed se lo requiera la legislaci\u00f3n, o cuando dichos terceros proces en la informaci\u00f3n por cuenta de Google. Google no asociar\u00e1 su direcci\u00f3n IP con ning\u00fan otro dato del que disponga Google.<\/p>\n<p>Puede Usted rechazar el tratamiento de los datos o la informaci\u00f3n rechazando el uso de cookies mediante la selecci\u00f3n de la configuraci\u00f3n apropiada de su navegador, sin embargo, debe Usted saber que si lo hace puede ser que no pueda usar la plena funcionabilidad de este website. Al utilizar este website Usted consiente el tratamiento de informaci\u00f3n acerca de Usted por Google en la forma y para los fines arriba indicados.<\/p>\n<p>[\/et_pb_text][\/et_pb_column][\/et_pb_row][\/et_pb_section]<\/p>\n","protected":false},"excerpt":{"rendered":"<p>Acerca de las Cookies &nbsp; Grupo Avanradio Xalapa SA de CV, en adelante Grupo Avanradio, con domicilio en Plaza Crystal locales 25 y 26, Xalapa, Veracruz, es responsable del uso y protecci\u00f3n de sus datos personales. Los datos personales son recabados con la finalidad de brindar nuestros servicios de marketing sensorial, dar de alta a [&hellip;]<\/p>\n","protected":false},"author":1,"featured_media":0,"parent":0,"menu_order":0,"comment_status":"closed","ping_status":"closed","template":"","meta":{"_et_pb_use_builder":"on","_et_pb_old_content":"","_et_gb_content_width":"","footnotes":""},"class_list":["post-363","page","type-page","status-publish","hentry"],"yoast_head":"<!-- This site is optimized with the Yoast SEO plugin v27.2 - https:\/\/yoast.com\/product\/yoast-seo-wordpress\/ -->\n<title>Cookies - Avanradio<\/title>\n<meta name=\"robots\" content=\"index, follow, max-snippet:-1, max-image-preview:large, max-video-preview:-1\" \/>\n<link rel=\"canonical\" href=\"https:\/\/avanradio.com.mx\/site\/cookies\/\" \/>\n<meta property=\"og:locale\" content=\"es_ES\" \/>\n<meta property=\"og:type\" content=\"article\" \/>\n<meta property=\"og:title\" content=\"Cookies - Avanradio\" \/>\n<meta property=\"og:description\" content=\"Acerca de las Cookies &nbsp; Grupo Avanradio Xalapa SA de CV, en adelante Grupo Avanradio, con domicilio en Plaza Crystal locales 25 y 26, Xalapa, Veracruz, es responsable del uso y protecci\u00f3n de sus datos personales. Los datos personales son recabados con la finalidad de brindar nuestros servicios de marketing sensorial, dar de alta a [&hellip;]\" \/>\n<meta property=\"og:url\" content=\"https:\/\/avanradio.com.mx\/site\/cookies\/\" \/>\n<meta property=\"og:site_name\" content=\"Avanradio\" \/>\n<meta property=\"article:publisher\" content=\"https:\/\/www.facebook.com\/avanradio\" \/>\n<meta property=\"article:modified_time\" content=\"2025-06-10T16:59:28+00:00\" \/>\n<meta name=\"twitter:card\" content=\"summary_large_image\" \/>\n<meta name=\"twitter:label1\" content=\"Tiempo de lectura\" \/>\n\t<meta name=\"twitter:data1\" content=\"5 minutos\" \/>\n<script type=\"application\/ld+json\" class=\"yoast-schema-graph\">{\"@context\":\"https:\/\/schema.org\",\"@graph\":[{\"@type\":\"WebPage\",\"@id\":\"https:\/\/avanradio.com.mx\/site\/cookies\/\",\"url\":\"https:\/\/avanradio.com.mx\/site\/cookies\/\",\"name\":\"Cookies - Avanradio\",\"isPartOf\":{\"@id\":\"https:\/\/avanradio.com.mx\/site\/#website\"},\"datePublished\":\"2025-05-09T22:46:50+00:00\",\"dateModified\":\"2025-06-10T16:59:28+00:00\",\"breadcrumb\":{\"@id\":\"https:\/\/avanradio.com.mx\/site\/cookies\/#breadcrumb\"},\"inLanguage\":\"es\",\"potentialAction\":[{\"@type\":\"ReadAction\",\"target\":[\"https:\/\/avanradio.com.mx\/site\/cookies\/\"]}]},{\"@type\":\"BreadcrumbList\",\"@id\":\"https:\/\/avanradio.com.mx\/site\/cookies\/#breadcrumb\",\"itemListElement\":[{\"@type\":\"ListItem\",\"position\":1,\"name\":\"Portada\",\"item\":\"https:\/\/avanradio.com.mx\/site\/\"},{\"@type\":\"ListItem\",\"position\":2,\"name\":\"Cookies\"}]},{\"@type\":\"WebSite\",\"@id\":\"https:\/\/avanradio.com.mx\/site\/#website\",\"url\":\"https:\/\/avanradio.com.mx\/site\/\",\"name\":\"Grupo Avanradio\",\"description\":\"\",\"publisher\":{\"@id\":\"https:\/\/avanradio.com.mx\/site\/#organization\"},\"potentialAction\":[{\"@type\":\"SearchAction\",\"target\":{\"@type\":\"EntryPoint\",\"urlTemplate\":\"https:\/\/avanradio.com.mx\/site\/?s={search_term_string}\"},\"query-input\":{\"@type\":\"PropertyValueSpecification\",\"valueRequired\":true,\"valueName\":\"search_term_string\"}}],\"inLanguage\":\"es\"},{\"@type\":\"Organization\",\"@id\":\"https:\/\/avanradio.com.mx\/site\/#organization\",\"name\":\"Avanradio\",\"url\":\"https:\/\/avanradio.com.mx\/site\/\",\"logo\":{\"@type\":\"ImageObject\",\"inLanguage\":\"es\",\"@id\":\"https:\/\/avanradio.com.mx\/site\/#\/schema\/logo\/image\/\",\"url\":\"https:\/\/avanradio.com.mx\/site\/wp-content\/uploads\/2026\/03\/LOGO-avanradio-negro-scaled.png\",\"contentUrl\":\"https:\/\/avanradio.com.mx\/site\/wp-content\/uploads\/2026\/03\/LOGO-avanradio-negro-scaled.png\",\"width\":2560,\"height\":1978,\"caption\":\"Avanradio\"},\"image\":{\"@id\":\"https:\/\/avanradio.com.mx\/site\/#\/schema\/logo\/image\/\"},\"sameAs\":[\"https:\/\/www.facebook.com\/avanradio\"]}]}<\/script>\n<!-- \/ Yoast SEO plugin. -->","yoast_head_json":{"title":"Cookies - Avanradio","robots":{"index":"index","follow":"follow","max-snippet":"max-snippet:-1","max-image-preview":"max-image-preview:large","max-video-preview":"max-video-preview:-1"},"canonical":"https:\/\/avanradio.com.mx\/site\/cookies\/","og_locale":"es_ES","og_type":"article","og_title":"Cookies - Avanradio","og_description":"Acerca de las Cookies &nbsp; Grupo Avanradio Xalapa SA de CV, en adelante Grupo Avanradio, con domicilio en Plaza Crystal locales 25 y 26, Xalapa, Veracruz, es responsable del uso y protecci\u00f3n de sus datos personales. Los datos personales son recabados con la finalidad de brindar nuestros servicios de marketing sensorial, dar de alta a [&hellip;]","og_url":"https:\/\/avanradio.com.mx\/site\/cookies\/","og_site_name":"Avanradio","article_publisher":"https:\/\/www.facebook.com\/avanradio","article_modified_time":"2025-06-10T16:59:28+00:00","twitter_card":"summary_large_image","twitter_misc":{"Tiempo de lectura":"5 minutos"},"schema":{"@context":"https:\/\/schema.org","@graph":[{"@type":"WebPage","@id":"https:\/\/avanradio.com.mx\/site\/cookies\/","url":"https:\/\/avanradio.com.mx\/site\/cookies\/","name":"Cookies - Avanradio","isPartOf":{"@id":"https:\/\/avanradio.com.mx\/site\/#website"},"datePublished":"2025-05-09T22:46:50+00:00","dateModified":"2025-06-10T16:59:28+00:00","breadcrumb":{"@id":"https:\/\/avanradio.com.mx\/site\/cookies\/#breadcrumb"},"inLanguage":"es","potentialAction":[{"@type":"ReadAction","target":["https:\/\/avanradio.com.mx\/site\/cookies\/"]}]},{"@type":"BreadcrumbList","@id":"https:\/\/avanradio.com.mx\/site\/cookies\/#breadcrumb","itemListElement":[{"@type":"ListItem","position":1,"name":"Portada","item":"https:\/\/avanradio.com.mx\/site\/"},{"@type":"ListItem","position":2,"name":"Cookies"}]},{"@type":"WebSite","@id":"https:\/\/avanradio.com.mx\/site\/#website","url":"https:\/\/avanradio.com.mx\/site\/","name":"Grupo Avanradio","description":"","publisher":{"@id":"https:\/\/avanradio.com.mx\/site\/#organization"},"potentialAction":[{"@type":"SearchAction","target":{"@type":"EntryPoint","urlTemplate":"https:\/\/avanradio.com.mx\/site\/?s={search_term_string}"},"query-input":{"@type":"PropertyValueSpecification","valueRequired":true,"valueName":"search_term_string"}}],"inLanguage":"es"},{"@type":"Organization","@id":"https:\/\/avanradio.com.mx\/site\/#organization","name":"Avanradio","url":"https:\/\/avanradio.com.mx\/site\/","logo":{"@type":"ImageObject","inLanguage":"es","@id":"https:\/\/avanradio.com.mx\/site\/#\/schema\/logo\/image\/","url":"https:\/\/avanradio.com.mx\/site\/wp-content\/uploads\/2026\/03\/LOGO-avanradio-negro-scaled.png","contentUrl":"https:\/\/avanradio.com.mx\/site\/wp-content\/uploads\/2026\/03\/LOGO-avanradio-negro-scaled.png","width":2560,"height":1978,"caption":"Avanradio"},"image":{"@id":"https:\/\/avanradio.com.mx\/site\/#\/schema\/logo\/image\/"},"sameAs":["https:\/\/www.facebook.com\/avanradio"]}]}},"_links":{"self":[{"href":"https:\/\/avanradio.com.mx\/site\/wp-json\/wp\/v2\/pages\/363","targetHints":{"allow":["GET"]}}],"collection":[{"href":"https:\/\/avanradio.com.mx\/site\/wp-json\/wp\/v2\/pages"}],"about":[{"href":"https:\/\/avanradio.com.mx\/site\/wp-json\/wp\/v2\/types\/page"}],"author":[{"embeddable":true,"href":"https:\/\/avanradio.com.mx\/site\/wp-json\/wp\/v2\/users\/1"}],"replies":[{"embeddable":true,"href":"https:\/\/avanradio.com.mx\/site\/wp-json\/wp\/v2\/comments?post=363"}],"version-history":[{"count":8,"href":"https:\/\/avanradio.com.mx\/site\/wp-json\/wp\/v2\/pages\/363\/revisions"}],"predecessor-version":[{"id":433,"href":"https:\/\/avanradio.com.mx\/site\/wp-json\/wp\/v2\/pages\/363\/revisions\/433"}],"wp:attachment":[{"href":"https:\/\/avanradio.com.mx\/site\/wp-json\/wp\/v2\/media?parent=363"}],"curies":[{"name":"wp","href":"https:\/\/api.w.org\/{rel}","templated":true}]}}